 = -4*m(d) - 9*o(d). What is a(4)?
13
Let l(s) = -5*s**2 - 27*s - 38. Suppose -3*o = -8*o - 25. Let q(j) = 3*j**2 + 18*j + 25. Let h(k) = o*l(k) - 8*q(k). What is h(9)?
-10
Suppose 21 - 315 = -21*m. Suppose -35*o + m*o = 189. Let h(n) = n**2 + 9*n - 10. Give h(o).
-10
Let z(t) = -11*t**3 + 24*t**2 - 5*t - 1. Let p(i) = -4*i**3 + 7*i**2 - i - 1. Let r(k) = 3*p(k) - z(k). Calculate r(-6).
94
Let c(f) = -100*f**2 - 93*f. Let n be c(-1). Let u(b) = -b**2 - 10*b - 26. Calculate u(n).
-5
Let f = 203 + -198. Let p(h) = 6*h - h**3 + 3 - 2*h**2 - 2*h**2 + 2*h**3 - 2*h**2. What is p(f)?
8
Let r(a) be the second derivative of -23*a**5/10 + a**4/12 - a**3/6 - a**2 + 511*a - 3. Determine r(-1).
46
Let q(p) = -p**3 + 11*p**2 - p - 21. Let c be q(11). Let m be 9/24 + (-52)/c. Let z(k) = 5*k + 4. Calculate z(m).
14
Let p = 11 + -7. Let u(i) be the second derivative of i**4/12 - 5*i**3/6 - i**2/2 + 10*i + 31. Calculate u(p).
-5
Let w(n) = -n**2 - 6*n + 1. Let p(y) = 5*y**2 + 55*y + 50. Let g(x) = p(x) + 6*w(x). Give g(22).
-10
Let w(y) = 14*y + 19. Let g(h) = 21*h + 29. Let u(s) = 5*g(s) - 7*w(s). Let n(k) = 34*k + 67. Let a(v) = 2*n(v) - 11*u(v). Calculate a(3).
-25
Suppose -36*r + 22 = -34*r + 4*l, 2*r = -2*l + 14. Let d(y) = 2*y**2 + 7 + 3*y + 0*y - y - 3*y**2. Calculate d(r).
4
Let u(p) = -20*p + 5. Let i = 12278 + -12274. Determine u(i).
-75
Let t(v) = -v - 16. Suppose 76*d - 45 = 81*d. Let s be (0/(-1))/(11 + d). Give t(s).
-16
Let z(u) = 11*u**3 + 43*u**2 + 77*u + 142. Let x(y) = -3*y**3 - y**2 + y - 24. Let p(w) = 4*x(w) + z(w). Give p(41).
5
Let m be ((-14)/7)/(0 + (-10)/15). Let b(q) = -7*q**m + q + 4*q**3 + 2 - 12*q**3. Determine b(-1).
16
Suppose 0*k - 3*k = 0. Let x(p) be the second derivative of -1/6*p**3 + 3*p**2 + 1/12*p**4 - 16*p + 2. What is x(k)?
6
Let h(o) = -o**2 - 12*o - 8. Let i(s) = -s**2 - 13*s - 8. Let l(n) = -2*h(n) + 3*i(n). Let c = -17864 - -17850. Give l(c).
6
Let k(b) be the second derivative of -21*b**3/2 + 177*b**2/2 + 1127*b. What is k(3)?
-12
Let o = 996 + -928. Let l be (9 - 289/o) + 1/4. Let m(n) = -n + 7. Calculate m(l).
2
Let p(k) = -3*k - 8. Let n(h) = -h. Let g(x) = -2*n(x) + p(x). Let d(r) = 6*r - 117. Let m be d(21). Give g(m).
-17
Let i be -25 + 24 + (4 - 3). Let k(b) be the third derivative of -1/60*b**5 + b**2 + 0*b - 4/3*b**3 - 1/4*b**4 + i. Determine k(-7).
-15
Let p(z) = -z**2 + 19*z - 1. Suppose 8*c - 205 = 435. Suppose -2*q + 2*k = -42, -2*k = -2*q - 2*q + c. Give p(q).
-1
Let o(k) = -15*k**2 - 605*k + 47. Let x(i) = 11*i**2 + 438*i - 35. Let h(u) = -8*o(u) - 11*x(u). Give h(10).
129
Let k(w) be the second derivative of -w**7/840 - w**6/720 + 43*w**4/4 + 173*w. Let p(q) be the third derivative of k(q). What is p(-1)?
-2
Suppose 17 = -5*q - 63. Let i be ((-1)/(q/12))/((-1)/(-8)). Let v(d) = -d**2 - 4*d + 9. Determine v(i).
-51
Let i be (-2)/6 + 28/(-6). Let o(f) = 14*f + 2 - 6*f**2 - 37503*f**3 - 17*f + 37502*f**3. Determine o(i).
-8
Let g(w) be the second derivative of w**5/20 - w**4/2 - 5*w**3/6 + 23*w**2/2 - w - 134. What is g(6)?
-7
Let m = 21 + -6. Suppose -2*o - 3*o = m. Let n(l) be the second derivative of -l**3/2 - 3*l**2/2 + 483*l - 2. What is n(o)?
6
Let d(z) = -z**2 + 14*z - 23. Let l = 7374 + -7365. Give d(l).
22
Suppose 6*i + 2*i = -3720. Let p = i + 981. Let a(u) = -2*u**2 - p + 517 - 5*u**3 - 2*u**3. Determine a(1).
-8
Let a(g) = -8*g. Let f(z) = 7 + 2 - 2 + 2 - 70*z - 1. Let o(k) = -18*a(k) + 2*f(k). Calculate o(-3).
4
Suppose 4*q - 10 = t, -4*q + 157*t + 16 = 159*t. Let y(z) = 3 - 3 + 7*z - 2 - 5*z. What is y(q)?
4
Let i(g) be the second derivative of -g**3/3 - 2*g**2 - 34*g + 74. What is i(15)?
-34
Let f = -809 - -813. Let j(d) = 3546*d + f - 3545*d + 20 + 10 + d**2. What is j(0)?
34
Let a(b) = -3*b**3 - 2*b**2 + 377*b - 11. Let f(v) = 11*v**3 + 7*v**2 - 1381*v + 41. Let w(o) = -37*a(o) - 10*f(o). Give w(10).
7
Let u(y) be the second derivative of 1/3*y**3 + 0 + 29*y + 0*y**4 - 1/2*y**5 + 1/2*y**2. Suppose -4*s - 3*g = 16, 5*g - 2*g + 13 = -s. Calculate u(s).
9
Let d(t) = t**3 + 3*t**2 - 16*t + 10. Let b(a) = a**3 - 9*a**2 + 9*a - 14. Let v be b(8). Give d(v).
-2
Let m(v) = -1 + 736*v - v**2 - 1482*v + 765*v. What is m(6)?
77
Let s(d) = -d**3 + 2*d**2 + 2*d - 10. Let x = -3506 + 3506. Determine s(x).
-10
Suppose 2 + 2 = 2*x. Suppose 2*t - 5*t + x*o = -4, -4*t + o = 3. Let k(n) be the second derivative of n**3/3 + n**2 - n - 1089. Determine k(t).
-2
Let m(v) = -v**3 + 12*v**2 - 12*v + 21. Let b(g) = g**3 + 10*g**2 - 28*g - 268. Let r be b(-10). Calculate m(r).
-123
Let t(g) = 8*g**2 - 2*g + 1. Let i(l) = -7*l**2 + 15*l + 2. Let n be i(2). Let f = -3 + n. What is t(f)?
7
Let h(g) be the second derivative of -g**3/3 - 3*g**2 - g. Let q be (-5)/(-15)*(6 + -2 + -19). Determine h(q).
4
Let o(u) = 2*u**3 - 2*u**2 + 6*u - 5. Let y be o(3). Suppose 23 = -8*h - y. Let q(s) = s**3 + 10*s**2 + 12*s - 11. Determine q(h).
-38
Let y be (11 - 8)*(0 + 1). Suppose -6 = -4*h + 2*h + y*j, -5*h + 4*j + 15 = 0. Let x(k) = -3*k**2 + 2*k**3 - k + k + 2 - 2*k - k**3. Give x(h).
-4
Suppose -57*k + 16 = -53*k. Let l(a) = k + 1 + 17*a**3 - a**2 - 6 - 2*a. Suppose 0 = -5*w + w - 4, -2*u - 3*w = 5. Give l(u).
-17
Let c = -10 + 7. Let r(z) = -2*z**2 + z - 1. Let b(t) = -5*t**2 + 4*t - 3. Let i(p) = c*b(p) + 8*r(p). Let l = -198 - -193. Determine i(l).
-4
Suppose -57 = -4*n - 3*f, 5*n = 4*n - 3*f + 3. Suppose -9*y - n*y = -297. Let g(k) = -k**3 + 11*k**2 + 2*k - 15. Give g(y).
7
Suppose 5634 = 5*w - 246. Let a be w/(-80) - (-3)/(-10). Let t(l) = -l**3 - 16*l**2 - 16*l - 15. Calculate t(a).
0
Let r(s) be the first derivative of -s**3 - 10*s**2 + 2*s + 1050. Give r(-7).
-5
Suppose 2*c - q = 89, -4*c + 81 + 79 = 4*q. Let o = c - 35. Let m(s) = -s + 3. Give m(o).
-5
Let c(q) be the second derivative of -q**5/20 + 3*q**4/4 - q**3/2 - 27*q**2/2 - 861*q. Give c(8).
13
Let q(n) = -4*n**3 + 38*n**2 - 32*n - 191. Let f(k) = 11*k**3 - 114*k**2 + 96*k + 570. Let d(j) = -3*f(j) - 8*q(j). Calculate d(37).
3
Suppose 4*q + 3*p + 114 = 0, 3*p + 1 = -5. Let x(t) = -t**2 - 29*t - 54. Determine x(q).
0
Let y = 257 - 265. Let l(v) be the second derivative of v**3/6 + 11*v**2/2 - 80*v. Determine l(y).
3
Let v(y) be the second derivative of -3/2*y**2 - 14 - 1/12*y**4 + 8*y - 5/6*y**3. Determine v(-6).
-9
Let p(h) be the first derivative of -145*h**2/2 - 579*h + 485. Give p(-4).
1
Suppose 21*x + 22810 - 22957 = 0. Let l(n) = -5*n + 23. Give l(x).
-12
Let x(g) be the first derivative of g**5/60 - g**4/12 - g**3/6 - 59*g**2/2 - 205. Let t(b) be the second derivative of x(b). Determine t(-2).
7
Let s(n) = 2*n - 65. Let p = 1669 + -1653. What is s(p)?
-33
Let l(p) be the first derivative of -p**3 - 28*p**2 + 19*p + 265. Calculate l(-19).
0
Let r(d) = -2*d**2 - 14*d - 15. Let p = -18225 - -18219. Calculate r(p).
-3
Suppose -16*x = -0*x + 32*x. Let k(s) = -2*s - 4. Calculate k(x).
-4
Let t(r) be the third derivative of -r**4/24 + 3*r**3/2 - r**2. Suppose -14 = 2*s + 4*d, -450*s + 446*s = 4*d + 24. Calculate t(s).
14
Suppose -z - 152*s + 154*s = -17, 0 = -5*z + s + 22. Let p(r) be the first derivative of -2*r**3/3 - 3*r + 3. What is p(z)?
-21
Let w(a) = -a**3 + 28*a**2 + 61*a - 45. Suppose -4*x = -2*k + x + 70, 2*x + 34 = k. Give w(k).
-15
Let k be 4/10 + -8*(-3)/15. Let v(j) = -107*j**3 + j**k - 2*j + 2 + 215*j**3 - 106*j**3. Determine v(2).
18
Let b(c) be the first derivative of -c**4/4 + 11*c**3/3 - 9*c**2/2 - 17*c - 6. Suppose 287 = 3*s + 4*q + 241, -5*s - 5*q = -70. Calculate b(s).
-7
Let m(f) = 36*f**3 - 7 + 6*f**2 + 8*f - 37*f**3 + 4 - 11*f. Determine m(6).
-21
Let b(l) = -27 + 148*l - l**2 + 129*l - 264*l. Give b(12).
-15
Let u(v) = -v**2 - 12*v - 28. Let w be u(-7). Suppose 2*k - w*k = 45. Let i(d) = -d - 7. Let o(g) = g + 6. Let y(r) = 3*i(r) + 4*o(r). Determine y(k).
-6
Let a(t) = -t**2 + 15*t. Let x be a(15). Let r be (0 - -1) + 4 + x. Suppose r*u - 3*u - 5 = -i, 0 = -5*u - 2*i + 14. Let p(y) = -y**2 + 5*y - 1. Calculate p(u).
3
Let s = -8 - -14. Suppose -s*p + 13*p + 35 = 0. Let b(i) be the first derivative of -i**2/2 - i - 110. Determine b(p).
4
Let l(p) be the first derivative of -p**4/2 + 4*p**3 - 3*p**2 - 8*p + 503. Give l(5).
12
Let q(o) = 46*o + 314. Let s be (-17)/((-612)/126)*-2. What is q(s)?
-8
Let w = 11 - 7. Suppose 0*g = -2*